1*b**2 - b. Calculate s(v).
10
Let z be (-12)/(-66) - (-2)/(-11). Let q(k) be the first derivative of -k**7/840 + 7*k**4/24 + k**3 - 3. Let y(j) be the third derivative of q(j). What is y(z)?
7
Let m(c) be the second derivative of 3*c**5/5 - 3*c. Give m(1).
12
Let h(g) be the second derivative of g**3/3 - 5*g**2/2 - 14*g. Determine h(7).
9
Let c(j) = -1 + 5*j**2 - j**2 + 9*j - 2*j - 6*j**2. Give c(5).
-16
Let s be (2/2 + -2)*3. Let i(f) = -f**2 - 2*f + 3. Let a(v) = -7*v**2 - 13*v + 19. Let g(c) = a(c) - 6*i(c). Give g(s).
-5
Let s(j) be the third derivative of -j**4/8 + j**3 + 6*j**2 - 4*j. Calculate s(5).
-9
Let p = 6 - 2. Let z(d) = 3*d**2 + 3*d + 2*d + 0*d - 3 - d**3. Determine z(p).
1
Suppose 3*m + m + 4*a + 40 = 0, 5*m + 3*a + 50 = 0. Let k = m - -14. Let c(s) = -s - 5. What is c(k)?
-9
Let c(y) be the second derivative of 2*y**5/5 + y**4/12 - y**3/6 - y**2/2 - 5*y. Suppose -9*r + 11*r = -2. Determine c(r).
-7
Let m(o) = o + 3. Let b = 13 + -19. Determine m(b).
-3
Let n(w) = -w**3 - 4*w**2 - 3*w. Let v(l) = 0 - 1 - l + 5. Let s be v(6). Determine n(s).
-2
Let k(i) = 3*i**3 - 2*i**2 + 5*i - 1. Let p(c) = -2*c**3 + c**2 - 3*c. Let q(g) = -3*k(g) - 5*p(g). What is q(0)?
3
Let p(f) = -f**3 + f**2 + 1. Let r be p(1). Let m(c) = -c**3 - c**2 - c + 3. Let i be m(0). Let z(q) = r + 6*q**3 + q - 6*q**i + 4*q**3. What is z(-1)?
-4
Let o(h) = h**2 - 6. Suppose 2*f + 9 = 3*f. Let s = -9 + f. Calculate o(s).
-6
Let f be 0 + 2 - (11 - -1). Let p(j) = -j**2 - 10*j - 14. Calculate p(f).
-14
Let m(a) be the first derivative of -a**4/4 + a**3 + a**2 + 2*a + 1. Suppose b + 3*b = 24. Suppose 2*h = b + 2. Give m(h).
-6
Let n(s) = -5*s**2 + 6*s**3 - 4*s**3 - 3*s**3. Calculate n(-5).
0
Suppose 9*x + 2*v = 7*x, 5*v = 0. Let r(g) be the third derivative of -1/6*g**4 + 1/2*g**3 - 2*g**2 + x*g + 0. Calculate r(2).
-5
Suppose -3*c - 3 = 6. Let h be 1*c/(6 - 3). Let l(p) = -12*p + 1. What is l(h)?
13
Let n = 3 - -2. Suppose -n*z = -3*z. Let q be 0 + (z + 2)*1. Let k(o) = 2*o - 3. Calculate k(q).
1
Let s(f) = -8*f + 3. Suppose -10*a + 28 - 8 = 0. Determine s(a).
-13
Let g(f) = -f**3 - 5*f**2 - 2*f - 6. Let p be g(-5). Suppose 0*c + 4*c = 8. Let w(u) = 11*u**2 + 2*u**2 + c*u - 14*u**2 + 4. Determine w(p).
-4
Let h(c) = 5*c**2 + 2*c + 1. Let b(o) = -o. Let j(r) = b(r) - h(r). What is j(-2)?
-15
Let i(j) be the third derivative of j**5/10 + j**4/24 - j**3/6 - 5*j**2. Determine i(1).
6
Let r = 58 + -63. Let p(q) = -q**3 - 7*q**2 - 7*q - 4. Calculate p(r).
-19
Let w(h) be the first derivative of h**4/4 - 2*h**3/3 - h**2 - 4*h + 6. Give w(3).
-1
Let g(q) = -q + 6*q - 3 - 3*q. Determine g(-4).
-11
Let p(b) = -b. Let r be p(2). Let h(n) = 11*n**3 - 2*n**2 + 9*n - 11. Let i(g) = -5*g**3 + g**2 - 4*g + 5. Let o(t) = 6*h(t) + 13*i(t). What is o(r)?
-9
Suppose 0*d - 4 = -4*d. Let r(c) = 1 - 3*c**2 - 3*c + 4*c - 2*c. Determine r(d).
-3
Let k(n) = 0 - 7 + 3 + 3 - n. Give k(6).
-7
Let y = -10 - -8. Let m(u) be the third derivative of u**4/6 - u**2. Determine m(y).
-8
Let f(z) be the first derivative of -z**3/3 + 14*z - 11. Give f(0).
14
Suppose -2*m = 3*m - 150. Let q(j) = j - 5. Let h be q(8). Suppose h*w + 3*u + 10 = 4*u, -w - 5*u - m = 0. Let t(s) = -s**2 - 6*s - 4. Calculate t(w).
1
Let u(b) be the first derivative of -b**3/3 + 5*b**2/2 - 3*b + 5. Give u(5).
-3
Let w(y) = -y. Suppose -16 - 8 = -4*i. What is w(i)?
-6
Let t(l) be the second derivative of -l**5/20 - l**4/3 - l**3/6 - 2*l**2 + 10*l. Determine t(-3).
-10
Let b(v) = 1 + 3*v + v**2 - v + 0*v**2 - 2*v**2. Give b(-1).
-2
Let d(u) = -u**3 - 5*u**2 + 4*u - 2. Let r be d(-6). Suppose -r = g - 2*g. Let l be (2/(-3))/(g/15). Let y(h) = -3*h**3 - h - 1. Calculate y(l).
3
Let w be (-1 - (-1)/2)*-4. Let p(s) = w + s**2 + 2*s + 0*s - 1 + 4*s. Calculate p(-5).
-4
Let l be 1/2*32/4. Let z(q) = -q**2 + 2*q + 3. Determine z(l).
-5
Suppose -3 = b - 5. Let p = b + -4. Let j(m) = m**3 + 2*m**2 - 3*m - 1. Calculate j(p).
5
Let g(w) be the third derivative of w**4/12 - 3*w**3/2 - 6*w**2. Give g(6).
3
Let f(z) be the second derivative of z**4/12 - 3*z**3/2 + 2*z**2 + 11*z. What is f(8)?
-4
Suppose -4*p - p + 25 = 0. Let i(b) = -b**2 + 2*b + 4. Calculate i(p).
-11
Let g(y) be the third derivative of -y**4/8 + 2*y**3/3 - 7*y**2. Suppose 0*u - u = -3. Suppose 0*k + 5 = -k - 2*t, k = -u*t - 9. What is g(k)?
-5
Let t(p) be the second derivative of -p**5/20 + p**4/12 - p**3/6 + 4*p**2 + 9*p. Determine t(0).
8
Let v be 4/(-14) + (-46)/(-14). Suppose -4*j + 5*l = v*l - 10, 0 = -4*j - 2*l + 6. Let z(m) = -m**2 - m. Calculate z(j).
-6
Let j be 12/(-9)*18/4. Let s(p) = 2*p**2 - 4*p - 7. Let l(h) = -2*h**2 + 4*h + 6. Let i(r) = j*s(r) - 7*l(r). What is i(3)?
6
Suppose -f - 3*h = 12, -4*f - 4*h - 14 = -2*f. Let t(s) = 0*s**3 - f*s - 6*s**2 - 3 + 9*s - s**3 + 2*s**3. Suppose 5*p - 2 = 23. What is t(p)?
2
Let u(z) = z**3 + 3*z**2 - 3. Suppose -4*d = -0*d - 24. Let v be 2/6 + 25/15. Suppose -2*w - v*c - c = -d, -4*c + 19 = -w. Calculate u(w).
-3
Let d(z) be the second derivative of z**5/20 + 7*z**4/12 + z**2/2 - 2*z. Let s be d(-7). Let n(t) = -3*t**3 - 2*t**2 + 2*t - 1. Give n(s).
-4
Let m(d) = -4*d**2 - d. Let q be 4/14 + 837/(-63). Let t = -12 - q. Calculate m(t).
-5
Suppose 0 = -2*f - 2*f - 4*g, -7 = -3*f + 4*g. Let o(r) = -3*r**3. Give o(f).
-3
Let x(m) be the second derivative of -2*m + 0*m**3 + 1/12*m**4 + 0*m**2 + 1/5*m**5 + 0. Let u(n) = -n**2 + 5*n + 1. Let v be u(5). Calculate x(v).
5
Suppose 0 = 3*m - 7 - 2. Suppose -1 = -4*w + m. Let o(v) = -1 + 1 - 7*v - 4*v**2 + 6*v + 1. Give o(w).
-4
Let a(y) = -y**2 + 5*y - 2. Let z be a(4). Let s(q) = -3*q**z - q**3 - 1 + 8*q**2 + 8 - q. Suppose 3*f - 2 = 13. Give s(f).
2
Let j(y) = -y**2. Suppose 52 = 5*z + d - 0*d, 5*d - 30 = -2*z. Let s(p) = -p**2 + 11*p - 10. Let b be s(z). Calculate j(b).
0
Let z be ((-1)/(-2))/((-6)/12). Let a be -3 + 0 + 1 + z. Let n(h) = -h**3 - 4*h**2 - h + 3. Give n(a).
-3
Let g(k) = 7*k + 3*k + 5 + k**2 - 4*k + 0*k. Calculate g(-5).
0
Let h be ((-27)/12)/(6/(-16)). Let d(j) = h + 2*j - j - 4. Let a(o) = o**3 + 18*o**2 - 2. Let k be a(-18). Calculate d(k).
0
Let l(f) = 0*f + 16 - 8 - 4 - 7*f. Determine l(4).
-24
Let q(m) = 4*m**2 - 4*m - 10. Let g(u) = 5*u**2 - 5*u - 11. Let n(x) = -5*g(x) + 6*q(x). Give n(0).
-5
Let f(r) = r**3 + 6*r**2 + 6*r. Let u = 1 + -5. Calculate f(u).
8
Let f(o) = o**2 + 2*o - 3. Suppose -24 = 5*i - 4. What is f(i)?
5
Let t(b) = -73*b + 37*b + 1 + 35*b. Give t(6).
-5
Let y(c) = c**3 - c**2 - 3*c + 3. Suppose -2 = -4*x + 10. Suppose 6 = x*q - q. Suppose 3*s + 5*n - 6 = 0, -q*s - 5*n = s - 8. Give y(s).
1
Let h(x) = -x**2 + 5*x - 4. Suppose -1 = -3*s + 2. Let v = 4 + s. Determine h(v).
-4
Let b(v) = -v**2 - v**3 + v**3 - 5 + v**3. Let l be 24/(-5) - -5 - 1/5. Determine b(l).
-5
Let y(q) = -13*q - 16. Let i(p) = 3*p + 4. Let s(o) = 9*i(o) + 2*y(o). Calculate s(2).
6
Let r(w) = -w - 13. Suppose 5*j - 1 + 56 = 0. Let d = j - -5. Give r(d).
-7
Suppose 35 = 4*d + p - 0*p, 0 = -5*d + 3*p + 48. Let r be (6/d + -1)*-15. Let n(z) be the second derivative of -z**3/6 - z**2/2 + 2*z. Calculate n(r).
-6
Suppose -5*s = -2*s. Let b = s - 3. Let v(x) = -x**3 - 4*x**2 - 3*x + 3. Determine v(b).
3
Let o(w) = -5*w**3 - w**2 + w. Let n be o(1). Let v be 55/15 + (-2)/3. Let k(x) = -3 - x**2 - 6*x - 4 + v. Calculate k(n).
1
Let l(c) be the third derivative of c**6/360 + c**4/6 + 4*c**2. Let a(s) be the second derivative of l(s). Give a(-2).
-4
Let g(k) be the third derivative of -k**6/120 + k**5/30 + k**4/24 - k**3/6 - 2*k**2. Suppose 7 - 1 = 3*c. Calculate g(c).
1
Let i(k) = -4*k + 2*k + k - 2. Suppose -p - 8 = -6. Give i(p).
0
Let x = -2 + 7. Suppose -j = -2*j - x. Let y(h) = h**2 + 2*h - 4. Give y(j).
11
Let x be ((-1)/1)/1*1. Suppose -3*b + 2 = -2*b. Let r(l) = -2*l - 3*l**2 - 4 - 4*l**3 + 3 + 3*l**b - l**2. Give r(x).
4
Let s(y) be the third derivative of -y**6/120 + y**5/15 - y**4/8 + 5*y**2. What is s(3)?
0
Let g(h) = -h**2 - 3*h. Suppose 3*s - 6 = 4*s. Let c be (2 + 1)/(s - -5). Calculate g(c).
0
Let j(m) = -m - 3. Let i be j(-4). Let g(u) = u + u - i - u + u. What is g(-2)?
-5
Let q(r) = 9*r - 1. Let f be 2/(-8)*(-18 + 2)/4. Calculate q(f).
8
Let g(i) = i**2 - 7*i + 7. Let k be g(6). Let p(z) = 4*z**2 - 6. Let u(h) = h**2 - 1. Let y(v) = p(v) - 6*u(v). Calculate